e the remainder when c is divided by 14.
10
Let o = 46 - 36. Suppose -3*u + 3*u = -12*u. Suppose 0 = r - 9*g + 4*g - 57, u = -3*r + 2*g + 119. Calculate the remainder when r is divided by o.
7
Let y = 847 + -846. What is the remainder when 13 - 15 - y*-604 is divided by 11?
8
Let d = -744 - -750. Suppose 420 = 4*o + 10*u - d*u, 0 = -5*o - 4*u + 530. What is the remainder when o is divided by 13?
6
Let t be 1/(-10) - 81/(-10). Let o be (-4)/5 - t/(-10). Suppose o = 4*v + 4*v - 88. What is the remainder when 52 is divided by v?
8
Let z be -8 - (-6 + 8)*-3. What is the remainder when (0 + z)/(10/(-1480)) is divided by 100?
96
Suppose 132*j - 6100 = 6605 + 3003. What is the remainder when 598 is divided by j?
3
Suppose -l - 2*r - 52 = -4*l, r - 91 = -5*l. Let k = -58 + 62. Suppose 0 = -k*y - w + 196, y - 148 = -2*y - w. What is the remainder when y is divided by l?
12
Let x(o) = 8*o**2 + 0*o**3 + 15*o**2 - o**3 + 13*o**2 - 27*o**2 + 11*o + 4. Let q be (-1)/(-4) + 234/24. Calculate the remainder when 49 is divided by x(q).
7
Suppose 0 = -g - 30*w + 33*w + 4549, 13680 = 3*g + 2*w. What is the remainder when g is divided by 80?
78
Let x(i) = 791*i**3 + 5*i**2 - 123*i + 118. What is the remainder when x(1) is divided by 9?
8
Suppose f = 28*p - 27*p + 227, 2*p = 4*f - 914. Suppose -5*i = b - f, -4*i - 398 - 254 = -3*b. What is the remainder when b is divided by 32?
28
Let i = 24 + -22. Suppose -6*k + 384 = i*k. Suppose 33*q = 29*q + k. What is the remainder when 58 is divided by q?
10
Let t(l) = l**3 - 13*l**2 - 97*l - 12. Calculate the remainder when 526 is divided by t(-5).
20
Let y be 33/(14/4 - 3). Suppose 7*u - y = 6*u. Calculate the remainder when 3/(-6) - u/(-4) is divided by 9.
7
Suppose -189 = -4*c - 37. Let j be 9/(-12) + c/8. Suppose -66 = -2*h + 4*l, -j*l = -l + 12. Calculate the remainder when h is divided by 13.
12
Suppose -5615 = -7*k - 5601. Calculate the remainder when 2414 is divided by k.
0
Let b(v) = -431*v - 483. What is the remainder when b(-6) is divided by 39?
36
Suppose -2*x + 5*x = 2*v + 345, -825 = 5*v + 5*x. Let n = -150 - v. What is the remainder when n is divided by (1*-1)/(2/(-20))?
8
Let k(x) = -x**3 + 39*x**2 + 82*x - 5766. Let g = 81 + -31. Calculate the remainder when g is divided by k(37).
2
Let q(c) = -11*c - 9. Let i be q(-19). Let u = i - 185. What is the remainder when 28 is divided by u?
13
What is the remainder when 520 + -307 + 1*-24 is divided by 23?
5
Suppose -3*y + 86 = -4*f - 75, f + 46 = -5*y. Calculate the remainder when 175 is divided by (16/(-4) - f)*1.
27
Let b be (-16 - 0)*(-150)/(-40). Let r be (168/(-10))/(-4 - 234/b). Let h = -80 + r. Calculate the remainder when h is divided by 30.
28
Let n(u) = -29*u + 24. Let p be n(1). Let o(x) = -7*x - 4. Calculate the remainder when o(p) is divided by 14.
3
Let y = 29816 + -29602. What is the remainder when y is divided by 43?
42
Let c = 1083 + -500. Let a = -314 + c. Let f = a - 190. Calculate the remainder when f is divided by 10.
9
Suppose 4*d = -132 - 12. Suppose -5*x + 6 = 2*f - 12, 2 = 2*f - 3*x. Calculate the remainder when f is divided by -4 + (-296)/d + (-4)/18.
0
Let w(n) be the second derivative of -n**5/20 + 7*n**4/3 + 2*n**3/3 - 85*n**2/2 - 77*n. What is the remainder when 107 is divided by w(28)?
26
Let a(v) = v**3 - 5*v**2 + 2. Let q be a(5). Suppose -4*f + n + 34 = 4*n, 24 = q*f + 5*n. Calculate the remainder when f is divided by 1.
0
Let n(l) = l**2 - 23*l - 11*l**2 - l**3 + 4*l**2 - 28 - 6*l**2. What is the remainder when n(-12) is divided by 63?
59
Suppose 41*l + 237*l - 3892 = 0. Calculate the remainder when 124*(0 + (-1 - -2)) is divided by l.
12
Suppose -3*b + 7*b - 32 = 0. Suppose -10*c + 62 = -b*c - 4*i, 3*i + 12 = 0. Calculate the remainder when c is divided by 5.
3
Suppose 57 = 9*n - 5*n - 5*l, 0 = 5*l - 15. Let u(b) = 3*b**2 - 41*b - 67. Calculate the remainder when u(n) is divided by 37.
19
Let h = -90 - -150. Calculate the remainder when (-296703)/(-3996)*(7 + -2 + -1) is divided by h.
57
Suppose -3*u = 5*f - 94, -f - 25 = -6*f. Suppose -p + 1511 = 10*m, 5*m + 177*p - 176*p = 751. What is the remainder when m is divided by u?
14
Let f(c) = -66*c**3 - 3*c**2 - 5*c - 7. Let y be f(-2). Suppose -525*h + 144 = -y*h. What is the remainder when 334 is divided by h?
22
Let p(x) = -8*x**2 - 388*x + 248. What is the remainder when 1081 is divided by p(-49)?
41
Let d(n) = -2*n**3 + 72*n**2 - 65*n - 117. Calculate the remainder when 385 is divided by d(35).
37
Let a be (-3 - 1749/(-21)) + (-8)/28. Suppose q - 5*q = -5*n - 67, 5*n + a = 5*q. What is the remainder when q is divided by 5?
3
Let z(m) be the third derivative of -m**5/20 - 11*m**4/24 - 4*m**3/3 - 18*m**2. Let v be z(-7). Let u = v + 89. Calculate the remainder when 34 is divided by u.
1
Let y(f) = 2*f**3 + 132*f**2 - 2*f - 2. What is the remainder when 238 is divided by y(-66)?
108
Let z(o) = -o**3 + 12*o**2 + 22*o + 5. Let f be z(10). Let b = f - 294. What is the remainder when b is divided by 12?
11
Let w = 144 + -62. Suppose -55 = 77*s - w*s. Calculate the remainder when 27 is divided by s.
5
Suppose -4*g + 18 = 2*q, -9*g + 26 = -6*g + 4*q. Suppose -5*d = n - 20, 104 + 7 = 3*n - g*d. Calculate the remainder when 63 is divided by n.
28
Suppose -35*n = -147*n - 37*n + 338677. What is the remainder when n is divided by 35?
33
Suppose -185 = -5*c - x - 47, 0 = -5*c + 2*x + 159. Calculate the remainder when 3815 is divided by c.
16
Let r = 12375 + -1029. Calculate the remainder when r is divided by 39.
36
Suppose r - 6 = -4, 2*r = -2*y + 1412. Suppose 911 = s + y. What is the remainder when s is divided by 52?
51
Suppose 0 = 4*t - 5*h - 3529, -3*t - 2*h + 1974 + 644 = 0. Calculate the remainder when t is divided by 223.
207
Let x = 10131 + -10058. Calculate the remainder when 776 is divided by x.
46
Let p = 3070 - 1438. Calculate the remainder when p is divided by 78.
72
Let j(w) = 3*w**2 - 15*w + 15. Let x = 2 - -8. Calculate the remainder when j(x) is divided by (-25 + (-456)/(-18))/((-2)/(-252)).
39
Suppose 2*f + 0*f - 10 = 0. Suppose 80 = f*t + 15. Let s(d) = 2*d**3 - 40*d**2 + 8*d - 109. Calculate the remainder when s(20) is divided by t.
12
Suppose 3*z + 23*z - 7 - 591 = 0. What is the remainder when 141 is divided by z?
3
Let l = 48 + -44. Suppose -3*j + 16 = -l*g, j + 6*g = g - 20. Suppose j = 10*p + p - 506. Calculate the remainder when p is divided by 8.
6
Suppose -o + 2*y = 2, -3468*y + 3466*y = -6. Let k(q) = 22*q**2 + q + 1. Let w be k(-1). Let b = -13 + w. What is the remainder when b is divided by o?
1
Let u = 17774 + -17509. What is the remainder when 1844 is divided by u?
254
Let j = -3 - 17. Let k = j - -24. Calculate the remainder when 23 is divided by 11 - (-4 - 2/(k/(-4))).
10
Let u(y) = -16*y + 41. Let o be -14 + (2 - (-3 + 3))/1. Calculate the remainder when u(o) is divided by 39.
38
Suppose -6*f - 34 = -23*f. Suppose l - f = 0, -l - 30 + 263 = 3*b. Calculate the remainder when b is divided by 26.
25
Suppose 34*p = 44*p - 80. Let x(z) = -z + 9. What is the remainder when x(-18) is divided by p?
3
Let m = -519 + 524. Suppose 4*g - o - 11 = 13, -34 = -2*g - m*o. What is the remainder when 32 is divided by g?
4
Let j be ((-2)/3)/((-24)/2412). Let f = j - 40. Let p = 38 - f. Calculate the remainder when 18 is divided by p.
7
What is the remainder when 32/(-14)*(-2)/(20/46445) is divided by 37?
34
Suppose -24 - 16 = -4*i + 4*g, 15 = 5*i + 2*g. Suppose 0 = 3*c + y - 5*y - 56, i*c + 3*y - 103 = 0. Calculate the remainder when c is divided by 12.
8
Let z(c) = -4*c + 22. Let n be z(-9). Let k = n - 2. Let l = 108 - k. Calculate the remainder when l is divided by 9.
7
Suppose -25*j = 55*j - 48720. Calculate the remainder when j is divided by 264.
81
Suppose -9 = 3*a, a - 23 = v - 3*v. Let p be (-62)/14 + (-78)/(-182). Let x(j) = -j + 59. Calculate the remainder when x(p) is divided by v.
11
Suppose -3*i + 2*j + 6 = 0, 0 = i + 4*j - 9*j - 2. Calculate the remainder when (-21)/9*i*-15 is divided by 12.
10
Let v(i) = -1053*i + 1993. Calculate the remainder when v(-3) is divided by 161.
0
Let l be 1/(-4) + ((-567)/(-12))/(-7). Let g be (3 + l)*3/(-12) + -100. Let i = g + 108. What is the remainder when 25 is divided by i?
7
Suppose -4*d = -2*c + 312, -3*d + 320 = -7*d